{"id":1537,"date":"2025-07-11T11:08:38","date_gmt":"2025-07-11T10:08:38","guid":{"rendered":"https:\/\/harialanzarote.com\/?page_id=1537"},"modified":"2025-08-07T16:49:31","modified_gmt":"2025-08-07T15:49:31","slug":"lanzarote","status":"publish","type":"page","link":"https:\/\/harialanzarote.com\/es\/lanzarote\/","title":{"rendered":"Lanzarote"},"content":{"rendered":"<p>Lanzarote es \u00fanica entre las Islas Canarias: est\u00e1 bien desarrollada en t\u00e9rminos de comunicaciones y servicios, pero no ha sufrido el desagradable exceso de desarrollo que ha afectado a algunas de las otras islas. Esto se debe principalmente al entusiasmo de <a href=\"https:\/\/fcmanrique.org\/en\/cesar-manrique\/biografia\/\" data-type=\"link\" data-id=\"https:\/\/fcmanrique.org\/en\/cesar-manrique\/biografia\/\">Cesar Manrique<\/a>, un artista y arquitecto local cuya pol\u00edtica, lamentablemente franquista, estamos dispuestos a ignorar debido a sus incansables esfuerzos por preservar el patrimonio y el medio ambiente de Lanzarote. Por ejemplo, impidi\u00f3 la construcci\u00f3n de vallas publicitarias o edificios de varias plantas fuera de los principales barrios tur\u00edsticos (bueno, \u00a1son lugares agradables si te gustan ese tipo de cosas!). Las atracciones tur\u00edsticas que ayud\u00f3 a desarrollar son todas (creemos) discretas y de buen gusto. Construy\u00f3 su mundialmente famosa casa en <a href=\"https:\/\/fcmanrique.org\/en\/casas-museo-visitas\/fundacion-cesar-manrique-tahiche\/\" data-type=\"link\" data-id=\"https:\/\/fcmanrique.org\/en\/casas-museo-visitas\/fundacion-cesar-manrique-tahiche\/\">Tahiche<\/a> (en un tramo del flujo de lava terrestre m\u00e1s largo del mundo), pero se mud\u00f3 a Har\u00eda un par de a\u00f1os despu\u00e9s de que llegamos aqu\u00ed, construy\u00f3 una casa en la calle de al lado de Calle la Ca\u00f1ada y vivi\u00f3 all\u00ed hasta que muri\u00f3 en 1992.<\/p>\n\n\n\n<figure class=\"wp-block-image size-large is-resized\"><img loading=\"lazy\" decoding=\"async\" width=\"768\" height=\"1024\" src=\"https:\/\/harialanzarote.com\/wp-content\/uploads\/2025\/07\/uuid218524B1-B750-47FA-B10D-EDB00A44BA4Acode001library1type1mode2loctruecaptrue-768x1024.jpeg\" alt=\"\" class=\"wp-image-1538\" style=\"width:1200px;height:auto\" srcset=\"https:\/\/harialanzarote.com\/wp-content\/uploads\/2025\/07\/uuid218524B1-B750-47FA-B10D-EDB00A44BA4Acode001library1type1mode2loctruecaptrue-768x1024.jpeg 768w, https:\/\/harialanzarote.com\/wp-content\/uploads\/2025\/07\/uuid218524B1-B750-47FA-B10D-EDB00A44BA4Acode001library1type1mode2loctruecaptrue-225x300.jpeg 225w, https:\/\/harialanzarote.com\/wp-content\/uploads\/2025\/07\/uuid218524B1-B750-47FA-B10D-EDB00A44BA4Acode001library1type1mode2loctruecaptrue-1152x1536.jpeg 1152w, https:\/\/harialanzarote.com\/wp-content\/uploads\/2025\/07\/uuid218524B1-B750-47FA-B10D-EDB00A44BA4Acode001library1type1mode2loctruecaptrue-1536x2048.jpeg 1536w, https:\/\/harialanzarote.com\/wp-content\/uploads\/2025\/07\/uuid218524B1-B750-47FA-B10D-EDB00A44BA4Acode001library1type1mode2loctruecaptrue-9x12.jpeg 9w, https:\/\/harialanzarote.com\/wp-content\/uploads\/2025\/07\/uuid218524B1-B750-47FA-B10D-EDB00A44BA4Acode001library1type1mode2loctruecaptrue-scaled.jpeg 1920w\" sizes=\"auto, (max-width: 768px) 100vw, 768px\" \/><\/figure>\n\n\n\n<p>Entrada a la casa de Manrique en Har\u00eda, hoy convertida en <a href=\"https:\/\/fcmanrique.org\/en\/la-fundacion\/museo\/\" data-type=\"link\" data-id=\"https:\/\/fcmanrique.org\/en\/la-fundacion\/museo\/\">museo<\/a>.<\/p>\n\n\n\n<p>La mayor\u00eda de las atracciones tur\u00edsticas oficiales de Lanzarote han sido dise\u00f1adas con los rasgos distintivos del arquitecto C\u00e9sar Manrique, logrando ser a la vez impactantes y discretas. Este es un<a href=\"http:\/\/alastairphilipwiper.com\/blog\/world-cesar-manrique-lanzarote\/\" data-type=\"link\" data-id=\"http:\/\/alastairphilipwiper.com\/blog\/world-cesar-manrique-lanzarote\/\"> enlace<\/a> para una excelente apreciaci\u00f3n fotogr\u00e1fica de la arquitectura de Manrique.&nbsp;<\/p>\n\n\n\n<figure class=\"wp-block-image size-large is-resized\"><img loading=\"lazy\" decoding=\"async\" width=\"1024\" height=\"495\" src=\"https:\/\/harialanzarote.com\/wp-content\/uploads\/2025\/07\/IMG_4728-1024x495.jpeg\" alt=\"\" class=\"wp-image-1567\" style=\"width:1200px;height:auto\" srcset=\"https:\/\/harialanzarote.com\/wp-content\/uploads\/2025\/07\/IMG_4728-1024x495.jpeg 1024w, https:\/\/harialanzarote.com\/wp-content\/uploads\/2025\/07\/IMG_4728-300x145.jpeg 300w, https:\/\/harialanzarote.com\/wp-content\/uploads\/2025\/07\/IMG_4728-768x371.jpeg 768w, https:\/\/harialanzarote.com\/wp-content\/uploads\/2025\/07\/IMG_4728-1536x743.jpeg 1536w, https:\/\/harialanzarote.com\/wp-content\/uploads\/2025\/07\/IMG_4728-2048x990.jpeg 2048w, https:\/\/harialanzarote.com\/wp-content\/uploads\/2025\/07\/IMG_4728-18x9.jpeg 18w\" sizes=\"auto, (max-width: 1024px) 100vw, 1024px\" \/><figcaption class=\"wp-element-caption\">El Jardin de Cactus at Guatiza, Har\u00eda district.<\/figcaption><\/figure>\n\n\n\n<p><a href=\"https:\/\/cactlanzarote.com\/en\/centre\/jardin-de-cactus\/\" data-type=\"link\" data-id=\"https:\/\/cactlanzarote.com\/en\/centre\/jardin-de-cactus\/\">El jard\u00edn de cactus<\/a> es una cantera abandonada que antes era un vertedero y que ahora alberga una impresionante colecci\u00f3n de cactus y otras plantas suculentas. Se encuentra en el centro del distrito cact\u00edcola de Guatiza. La antigua tradici\u00f3n de cultivar la cochinilla, que produce el tinte rojo carm\u00edn (usado para Campari, l\u00e1piz labial, etc.), ha revivido recientemente tras la evidencia del peligro de los tintes rojos artificiales.<\/p>\n\n\n\n<figure class=\"wp-block-image size-large is-resized\"><img loading=\"lazy\" decoding=\"async\" width=\"768\" height=\"1024\" src=\"https:\/\/harialanzarote.com\/wp-content\/uploads\/2025\/07\/uuidA9ABF124-169B-435D-A02A-95F0FAADE723code001library1type1mode2loctruecaptrue-768x1024.jpeg\" alt=\"\" class=\"wp-image-1566\" style=\"width:1200px;height:auto\" srcset=\"https:\/\/harialanzarote.com\/wp-content\/uploads\/2025\/07\/uuidA9ABF124-169B-435D-A02A-95F0FAADE723code001library1type1mode2loctruecaptrue-768x1024.jpeg 768w, https:\/\/harialanzarote.com\/wp-content\/uploads\/2025\/07\/uuidA9ABF124-169B-435D-A02A-95F0FAADE723code001library1type1mode2loctruecaptrue-225x300.jpeg 225w, https:\/\/harialanzarote.com\/wp-content\/uploads\/2025\/07\/uuidA9ABF124-169B-435D-A02A-95F0FAADE723code001library1type1mode2loctruecaptrue-1152x1536.jpeg 1152w, https:\/\/harialanzarote.com\/wp-content\/uploads\/2025\/07\/uuidA9ABF124-169B-435D-A02A-95F0FAADE723code001library1type1mode2loctruecaptrue-1536x2048.jpeg 1536w, https:\/\/harialanzarote.com\/wp-content\/uploads\/2025\/07\/uuidA9ABF124-169B-435D-A02A-95F0FAADE723code001library1type1mode2loctruecaptrue-9x12.jpeg 9w, https:\/\/harialanzarote.com\/wp-content\/uploads\/2025\/07\/uuidA9ABF124-169B-435D-A02A-95F0FAADE723code001library1type1mode2loctruecaptrue-scaled.jpeg 1920w\" sizes=\"auto, (max-width: 768px) 100vw, 768px\" \/><figcaption class=\"wp-element-caption\">El tubo de lava de Jameos del Agua.<\/figcaption><\/figure>\n\n\n\n<p>Jameos del Agua &amp; Cueva de los Verdes: <\/p>\n\n\n\n<p>Aunque se trata de caracter\u00edsticas separadas, ambas son parte de un tubo volc\u00e1nico subterr\u00e1neo extremadamente largo que se extiende desde el coraz\u00f3n del Monte Corona hasta el Atl\u00e1ntico. Los <a href=\"https:\/\/cactlanzarote.com\/en\/centre\/jameos-del-agua\/\" data-type=\"link\" data-id=\"https:\/\/cactlanzarote.com\/en\/centre\/jameos-del-agua\/\">Jameos del Agua<\/a> Se construyen alrededor de una secci\u00f3n de este tubo, ubicada en la costa, donde el techo se ha derrumbado en varias secciones. Incluye un auditorio cuyo techo volc\u00e1nico crea una excelente ac\u00fastica y un lago subterr\u00e1neo natural con los singulares cangrejos blancos ciegos de la isla. Los <a href=\"https:\/\/cactlanzarote.com\/en\/centre\/cueva-de-los-verdes\/\" data-type=\"link\" data-id=\"https:\/\/cactlanzarote.com\/en\/centre\/cueva-de-los-verdes\/\">Cueva de los Verdes<\/a> lleva a los visitantes a un paseo de 40 minutos por algunas de las secciones m\u00e1s interesantes e hist\u00f3ricas de este t\u00fanel volc\u00e1nico. Los m\u00e1s aventureros pueden acceder a otras secciones (con precauci\u00f3n).<\/p>\n\n\n\n<figure class=\"wp-block-image size-large is-resized\"><img loading=\"lazy\" decoding=\"async\" width=\"1024\" height=\"768\" src=\"https:\/\/harialanzarote.com\/wp-content\/uploads\/2025\/07\/IMG_6154-1024x768.jpeg\" alt=\"\" class=\"wp-image-1565\" style=\"width:1200px;height:auto\" srcset=\"https:\/\/harialanzarote.com\/wp-content\/uploads\/2025\/07\/IMG_6154-1024x768.jpeg 1024w, https:\/\/harialanzarote.com\/wp-content\/uploads\/2025\/07\/IMG_6154-300x225.jpeg 300w, https:\/\/harialanzarote.com\/wp-content\/uploads\/2025\/07\/IMG_6154-768x576.jpeg 768w, https:\/\/harialanzarote.com\/wp-content\/uploads\/2025\/07\/IMG_6154-1536x1152.jpeg 1536w, https:\/\/harialanzarote.com\/wp-content\/uploads\/2025\/07\/IMG_6154-2048x1536.jpeg 2048w, https:\/\/harialanzarote.com\/wp-content\/uploads\/2025\/07\/IMG_6154-16x12.jpeg 16w\" sizes=\"auto, (max-width: 1024px) 100vw, 1024px\" \/><figcaption class=\"wp-element-caption\">Vista de La Graciosa desde el Mirador del R\u00edo de Manrique.<\/figcaption><\/figure>\n\n\n\n<p><a href=\"https:\/\/cactlanzarote.com\/en\/centre\/mirador-del-rio\/\" data-type=\"link\" data-id=\"https:\/\/cactlanzarote.com\/en\/centre\/mirador-del-rio\/\">Mirador del R\u00edo:<\/a>Este atractivo edificio, que alberga un bar y un restaurante, se alza sobre el acantilado frente a la isla de La Graciosa. La vista es magn\u00edfica, aunque llevamos a los visitantes a un corto paseo a la izquierda de la entrada, donde pueden disfrutar de la misma vista sin tener que pagar.<\/p>\n\n\n\n<p><\/p>","protected":false},"excerpt":{"rendered":"<p>Lanzarote is unique among the Canary islands &#8211; it is well developed in terms of communications and services but has not suffered from the ugly over-development that has blighted some of the other islands. This is mainly thanks to the enthusiasm of Cesar Manrique, a local artist and architect whose sadly Francoist politics we are [&hellip;]<\/p>\n","protected":false},"author":1,"featured_media":1857,"parent":0,"menu_order":0,"comment_status":"closed","ping_status":"closed","template":"","meta":{"footnotes":""},"class_list":["post-1537","page","type-page","status-publish","has-post-thumbnail","hentry"],"_links":{"self":[{"href":"https:\/\/harialanzarote.com\/es\/wp-json\/wp\/v2\/pages\/1537","targetHints":{"allow":["GET"]}}],"collection":[{"href":"https:\/\/harialanzarote.com\/es\/wp-json\/wp\/v2\/pages"}],"about":[{"href":"https:\/\/harialanzarote.com\/es\/wp-json\/wp\/v2\/types\/page"}],"author":[{"embeddable":true,"href":"https:\/\/harialanzarote.com\/es\/wp-json\/wp\/v2\/users\/1"}],"replies":[{"embeddable":true,"href":"https:\/\/harialanzarote.com\/es\/wp-json\/wp\/v2\/comments?post=1537"}],"version-history":[{"count":10,"href":"https:\/\/harialanzarote.com\/es\/wp-json\/wp\/v2\/pages\/1537\/revisions"}],"predecessor-version":[{"id":2047,"href":"https:\/\/harialanzarote.com\/es\/wp-json\/wp\/v2\/pages\/1537\/revisions\/2047"}],"wp:featuredmedia":[{"embeddable":true,"href":"https:\/\/harialanzarote.com\/es\/wp-json\/wp\/v2\/media\/1857"}],"wp:attachment":[{"href":"https:\/\/harialanzarote.com\/es\/wp-json\/wp\/v2\/media?parent=1537"}],"curies":[{"name":"wp","href":"https:\/\/api.w.org\/{rel}","templated":true}]}}

<p>Lanzarote es única entre las Islas Canarias: está bien desarrollada en términos de comunicaciones y servicios, pero no ha sufrido el desagradable exceso de desarrollo que ha afectado a algunas de las otras islas. Esto se debe principalmente al entusiasmo de <a href="https://fcmanrique.org/en/cesar-manrique/biografia/" data-type="link" data-id="https://fcmanrique.org/en/cesar-manrique/biografia/">Cesar Manrique</a>, un artista y arquitecto local cuya política, lamentablemente franquista, estamos dispuestos a ignorar debido a sus incansables esfuerzos por preservar el patrimonio y el medio ambiente de Lanzarote. Por ejemplo, impidió la construcción de vallas publicitarias o edificios de varias plantas fuera de los principales barrios turísticos (bueno, ¡son lugares agradables si te gustan ese tipo de cosas!). Las atracciones turísticas que ayudó a desarrollar son todas (creemos) discretas y de buen gusto. Construyó su mundialmente famosa casa en <a href="https://fcmanrique.org/en/casas-museo-visitas/fundacion-cesar-manrique-tahiche/" data-type="link" data-id="https://fcmanrique.org/en/casas-museo-visitas/fundacion-cesar-manrique-tahiche/">Tahiche</a> (en un tramo del flujo de lava terrestre más largo del mundo), pero se mudó a Haría un par de años después de que llegamos aquí, construyó una casa en la calle de al lado de Calle la Cañada y vivió allí hasta que murió en 1992.</p>



<figure class="wp-block-image size-large is-resized"><img loading="lazy" decoding="async" width="768" height="1024" src="https://harialanzarote.com/wp-content/uploads/2025/07/uuid218524B1-B750-47FA-B10D-EDB00A44BA4Acode001library1type1mode2loctruecaptrue-768x1024.jpeg" alt="" class="wp-image-1538" style="width:1200px;height:auto" srcset="https://harialanzarote.com/wp-content/uploads/2025/07/uuid218524B1-B750-47FA-B10D-EDB00A44BA4Acode001library1type1mode2loctruecaptrue-768x1024.jpeg 768w, https://harialanzarote.com/wp-content/uploads/2025/07/uuid218524B1-B750-47FA-B10D-EDB00A44BA4Acode001library1type1mode2loctruecaptrue-225x300.jpeg 225w, https://harialanzarote.com/wp-content/uploads/2025/07/uuid218524B1-B750-47FA-B10D-EDB00A44BA4Acode001library1type1mode2loctruecaptrue-1152x1536.jpeg 1152w, https://harialanzarote.com/wp-content/uploads/2025/07/uuid218524B1-B750-47FA-B10D-EDB00A44BA4Acode001library1type1mode2loctruecaptrue-1536x2048.jpeg 1536w, https://harialanzarote.com/wp-content/uploads/2025/07/uuid218524B1-B750-47FA-B10D-EDB00A44BA4Acode001library1type1mode2loctruecaptrue-9x12.jpeg 9w, https://harialanzarote.com/wp-content/uploads/2025/07/uuid218524B1-B750-47FA-B10D-EDB00A44BA4Acode001library1type1mode2loctruecaptrue-scaled.jpeg 1920w" sizes="auto, (max-width: 768px) 100vw, 768px" /></figure>



<p>Entrada a la casa de Manrique en Haría, hoy convertida en <a href="https://fcmanrique.org/en/la-fundacion/museo/" data-type="link" data-id="https://fcmanrique.org/en/la-fundacion/museo/">museo</a>.</p>



<p>La mayoría de las atracciones turísticas oficiales de Lanzarote han sido diseñadas con los rasgos distintivos del arquitecto César Manrique, logrando ser a la vez impactantes y discretas. Este es un<a href="http://alastairphilipwiper.com/blog/world-cesar-manrique-lanzarote/" data-type="link" data-id="http://alastairphilipwiper.com/blog/world-cesar-manrique-lanzarote/"> enlace</a> para una excelente apreciación fotográfica de la arquitectura de Manrique.&nbsp;</p>



<figure class="wp-block-image size-large is-resized"><img loading="lazy" decoding="async" width="1024" height="495" src="https://harialanzarote.com/wp-content/uploads/2025/07/IMG_4728-1024x495.jpeg" alt="" class="wp-image-1567" style="width:1200px;height:auto" srcset="https://harialanzarote.com/wp-content/uploads/2025/07/IMG_4728-1024x495.jpeg 1024w, https://harialanzarote.com/wp-content/uploads/2025/07/IMG_4728-300x145.jpeg 300w, https://harialanzarote.com/wp-content/uploads/2025/07/IMG_4728-768x371.jpeg 768w, https://harialanzarote.com/wp-content/uploads/2025/07/IMG_4728-1536x743.jpeg 1536w, https://harialanzarote.com/wp-content/uploads/2025/07/IMG_4728-2048x990.jpeg 2048w, https://harialanzarote.com/wp-content/uploads/2025/07/IMG_4728-18x9.jpeg 18w" sizes="auto, (max-width: 1024px) 100vw, 1024px" /><figcaption class="wp-element-caption">El Jardin de Cactus at Guatiza, Haría district.</figcaption></figure>



<p><a href="https://cactlanzarote.com/en/centre/jardin-de-cactus/" data-type="link" data-id="https://cactlanzarote.com/en/centre/jardin-de-cactus/">El jardín de cactus</a> es una cantera abandonada que antes era un vertedero y que ahora alberga una impresionante colección de cactus y otras plantas suculentas. Se encuentra en el centro del distrito cactícola de Guatiza. La antigua tradición de cultivar la cochinilla, que produce el tinte rojo carmín (usado para Campari, lápiz labial, etc.), ha revivido recientemente tras la evidencia del peligro de los tintes rojos artificiales.</p>



<figure class="wp-block-image size-large is-resized"><img loading="lazy" decoding="async" width="768" height="1024" src="https://harialanzarote.com/wp-content/uploads/2025/07/uuidA9ABF124-169B-435D-A02A-95F0FAADE723code001library1type1mode2loctruecaptrue-768x1024.jpeg" alt="" class="wp-image-1566" style="width:1200px;height:auto" srcset="https://harialanzarote.com/wp-content/uploads/2025/07/uuidA9ABF124-169B-435D-A02A-95F0FAADE723code001library1type1mode2loctruecaptrue-768x1024.jpeg 768w, https://harialanzarote.com/wp-content/uploads/2025/07/uuidA9ABF124-169B-435D-A02A-95F0FAADE723code001library1type1mode2loctruecaptrue-225x300.jpeg 225w, https://harialanzarote.com/wp-content/uploads/2025/07/uuidA9ABF124-169B-435D-A02A-95F0FAADE723code001library1type1mode2loctruecaptrue-1152x1536.jpeg 1152w, https://harialanzarote.com/wp-content/uploads/2025/07/uuidA9ABF124-169B-435D-A02A-95F0FAADE723code001library1type1mode2loctruecaptrue-1536x2048.jpeg 1536w, https://harialanzarote.com/wp-content/uploads/2025/07/uuidA9ABF124-169B-435D-A02A-95F0FAADE723code001library1type1mode2loctruecaptrue-9x12.jpeg 9w, https://harialanzarote.com/wp-content/uploads/2025/07/uuidA9ABF124-169B-435D-A02A-95F0FAADE723code001library1type1mode2loctruecaptrue-scaled.jpeg 1920w" sizes="auto, (max-width: 768px) 100vw, 768px" /><figcaption class="wp-element-caption">El tubo de lava de Jameos del Agua.</figcaption></figure>



<p>Jameos del Agua &amp; Cueva de los Verdes: </p>



<p>Aunque se trata de características separadas, ambas son parte de un tubo volcánico subterráneo extremadamente largo que se extiende desde el corazón del Monte Corona hasta el Atlántico. Los <a href="https://cactlanzarote.com/en/centre/jameos-del-agua/" data-type="link" data-id="https://cactlanzarote.com/en/centre/jameos-del-agua/">Jameos del Agua</a> Se construyen alrededor de una sección de este tubo, ubicada en la costa, donde el techo se ha derrumbado en varias secciones. Incluye un auditorio cuyo techo volcánico crea una excelente acústica y un lago subterráneo natural con los singulares cangrejos blancos ciegos de la isla. Los <a href="https://cactlanzarote.com/en/centre/cueva-de-los-verdes/" data-type="link" data-id="https://cactlanzarote.com/en/centre/cueva-de-los-verdes/">Cueva de los Verdes</a> lleva a los visitantes a un paseo de 40 minutos por algunas de las secciones más interesantes e históricas de este túnel volcánico. Los más aventureros pueden acceder a otras secciones (con precaución).</p>



<figure class="wp-block-image size-large is-resized"><img loading="lazy" decoding="async" width="1024" height="768" src="https://harialanzarote.com/wp-content/uploads/2025/07/IMG_6154-1024x768.jpeg" alt="" class="wp-image-1565" style="width:1200px;height:auto" srcset="https://harialanzarote.com/wp-content/uploads/2025/07/IMG_6154-1024x768.jpeg 1024w, https://harialanzarote.com/wp-content/uploads/2025/07/IMG_6154-300x225.jpeg 300w, https://harialanzarote.com/wp-content/uploads/2025/07/IMG_6154-768x576.jpeg 768w, https://harialanzarote.com/wp-content/uploads/2025/07/IMG_6154-1536x1152.jpeg 1536w, https://harialanzarote.com/wp-content/uploads/2025/07/IMG_6154-2048x1536.jpeg 2048w, https://harialanzarote.com/wp-content/uploads/2025/07/IMG_6154-16x12.jpeg 16w" sizes="auto, (max-width: 1024px) 100vw, 1024px" /><figcaption class="wp-element-caption">Vista de La Graciosa desde el Mirador del Río de Manrique.</figcaption></figure>



<p><a href="https://cactlanzarote.com/en/centre/mirador-del-rio/" data-type="link" data-id="https://cactlanzarote.com/en/centre/mirador-del-rio/">Mirador del Río:</a>Este atractivo edificio, que alberga un bar y un restaurante, se alza sobre el acantilado frente a la isla de La Graciosa. La vista es magnífica, aunque llevamos a los visitantes a un corto paseo a la izquierda de la entrada, donde pueden disfrutar de la misma vista sin tener que pagar.</p>



<p></p>
